{"id":196,"date":"2022-04-11T21:22:58","date_gmt":"2022-04-11T19:22:58","guid":{"rendered":"https:\/\/actualfarma.es\/congreso-2026\/?page_id=196"},"modified":"2026-03-24T08:51:03","modified_gmt":"2026-03-24T07:51:03","slug":"inscribete","status":"publish","type":"page","link":"https:\/\/actualfarma.es\/congreso-2026\/inscribete\/","title":{"rendered":"Inscr\u00edbete"},"content":{"rendered":"\n<div class=\"wp-block-group seccion\"><div class=\"wp-block-group__inner-container is-layout-flow wp-block-group-is-layout-flow\">\n<div class=\"wp-block-group formularisdsdsdo_inscripcion\"><div class=\"wp-block-group__inner-container is-layout-flow wp-block-group-is-layout-flow\">\n<h2 class=\"wp-block-heading\">Transparencia y cumplimiento normativo \u2013 ACTUALFARMA 2026<\/h2>\n\n\n\n<p>De acuerdo con el <strong>C\u00f3digo de Buenas Pr\u00e1cticas de Farmaindustria<\/strong>, se informa que la participaci\u00f3n del profesional sanitario en el eCongreso <strong>ACTUALFARMA 2026<\/strong> se realiza de forma <strong>individual y voluntaria<\/strong>, sin que medie compensaci\u00f3n econ\u00f3mica directa ni indirecta.<\/p>\n\n\n\n<p>El acceso a este evento cient\u00edfico se facilita exclusivamente con fines formativos y profesionales, garantizando la independencia de los contenidos cient\u00edficos y la separaci\u00f3n respecto a intereses promocionales.<\/p>\n\n\n\n<p>En cumplimiento de las obligaciones de transparencia, los datos de participaci\u00f3n podr\u00e1n ser <strong>notificados a Farmaindustria<\/strong> y\/o publicados en los registros correspondientes, en caso de que alguna entidad colaboradora as\u00ed lo requiera conforme al citado C\u00f3digo.<\/p>\n<\/div><\/div>\n\n\n\n<div style=\"height:50px\" aria-hidden=\"true\" class=\"wp-block-spacer\"><\/div>\n\n\n\n<div class=\"wp-block-group formulario_inscripcion\"><div class=\"wp-block-group__inner-container is-layout-flow wp-block-group-is-layout-flow\">\n<figure class=\"wp-block-image size-large\"><img loading=\"lazy\" decoding=\"async\" width=\"915\" height=\"240\" src=\"https:\/\/actualfarma.es\/congreso-2026\/wp-content\/uploads\/2022\/04\/actualfarma-leyenda-horizontal.svg\" alt=\"\" class=\"wp-image-40\"\/><\/figure>\n\n\n<div class=\"piereg_container pieregWrapper\"><div class=\"pieregformWrapper pieregWrapper\"><div id=\"show_pie_register_error_js\" class=\"piereg_entry-content\"><\/div><div id=\"pie_register_reg_form\"><form enctype=\"multipart\/form-data\" class=\"pie_register_reg_form\" id=\"pie_regiser_form\" method=\"post\" action=\"\/congreso-2026\/wp-json\/wp\/v2\/pages\/196\" data-form=\"1\"><input type=\"hidden\" id=\"piereg_registration_form_nonce\" name=\"piereg_registration_form_nonce\" value=\"9206f7dc9e\" \/><input type=\"hidden\" name=\"_wp_http_referer\" value=\"\/congreso-2026\/wp-json\/wp\/v2\/pages\/196\" \/><div class=\"fieldset \"><p id=\"piereg_pie_form_desc\" >Por favor, rellene el siguiente formulario para registrarse.<\/p><\/div><ul id=\"pie_register\"><input type=\"hidden\" value=\"1\" name=\"form_id\" \/><input type=\"hidden\" value=\"\" name=\"limit_submission\" \/><li class=\"fields   pageFields_1 piereg_li_3\"   ><div class=\"fieldset\" ><label class=\"\" for=\"invitation_3\">C\u00f3digo de Invitaci\u00f3n&nbsp;<span class=\"piereg_field_required_label\">*<\/span><\/label><input id=\"invitation_3\"  name=\"invitation\" class=\"input_fields  piereg_validate[required] \" data-field_id=\"piereg_field_3\" placeholder=\"\" type=\"text\" value=\"\" \/><\/div><\/li><li class=\"fields   pageFields_1 piereg_li_4\"   ><div class=\"fieldset\"><label>Nombre&nbsp;<span class=\"piereg_field_required_label\">*<\/span><\/label><input  value=\"\" placeholder=\"\" data-field_id=\"piereg_field_4\" id=\"name_4_firstname\" name=\"first_name\" class=\"input_fields  piereg_validate[required,custom[alphabetic]] input_fields piereg_name_input_field \"   type=\"text\"  \/><\/div><div class=\"fieldset\"><label>Apellidos&nbsp;<span class=\"piereg_field_required_label\">*<\/span><\/label><input  value=\"\" placeholder=\"\" id=\"name_4_lastname\" name=\"last_name\" class=\"input_fields  piereg_validate[required,custom[alphabetic]] input_fields piereg_name_input_field\"   type=\"text\"  \/><\/div><\/li><li class=\"fields   pageFields_1 piereg_li_5\"   ><div class=\"fieldset\" ><label class=\"\" for=\"dropdown_5\">Categor\u00eda&nbsp;<span class=\"piereg_field_required_label\">*<\/span><\/label><select   id=\"dropdown_5\" name=\"dropdown_5[]\" data-field_id=\"piereg_field_5\" class=\"input_fields  piereg_validate[required] \"   ><option selected=\"selected\" value=\"M\u00e9dicos\">M\u00e9dicos<\/option><option  value=\"Farmac\u00e9uticos\">Farmac\u00e9uticos<\/option><option  value=\"Otros\">Otros<\/option><\/select><\/div><\/li><li class=\"fields   pageFields_1 piereg_li_6\"   ><div class=\"fieldset\"><label class=\"\" for=\"text_6\">Hospital\/Empresa&nbsp;<span class=\"piereg_field_required_label\">*<\/span><\/label><input  id=\"text_6\" name=\"text_6\" data-field_id=\"piereg_field_6\" class=\"input_fields  piereg_validate[required] \"    placeholder=\"\" type=\"text\" value=\"\" \/><\/div><\/li><li class=\"fields   pageFields_1 piereg_li_8\"   ><div class=\"fieldset\"><label class=\"\" for=\"text_8\">Tel\u00e9fono<\/label><input  id=\"text_8\" name=\"text_8\" data-field_id=\"piereg_field_8\" class=\"input_fields  \"    placeholder=\"\" type=\"text\" value=\"\" \/><\/div><\/li><li class=\"fields   pageFields_1 piereg_li_1\"   ><div class=\"fieldset\"><label class=\"\" for=\"email_1\">Correo Electr\u00f3nico&nbsp;<span class=\"piereg_field_required_label\">*<\/span><\/label><input  id=\"email_1\" name=\"e_mail\" data-field_id=\"piereg_field_1\" class=\"input_fields  piereg_validate[required,custom[email]] \"  data-errormessage-custom-error=\"\" placeholder=\"\" type=\"text\" value=\"\" \/><\/div><\/li><li class=\"fields   pageFields_1 piereg_li_2\"   ><div class=\"fieldset\"><label class=\"\" for=\"password_2\">Contrase\u00f1a&nbsp;<span class=\"piereg_field_required_label\">*<\/span><\/label><input id=\"password_2\" name=\"password\" data-field_id=\"piereg_field_2\" class=\"input_fields  piereg_validate[minSize[8],required] prPass1\" placeholder=\"\" type=\"password\" data-errormessage-value-missing=\"\" data-errormessage-range-underflow=\"\" data-errormessage-range-overflow=\"\" autocomplete=\"off\" ><span class=\"show-hide-password-innerbtn pass-eye-reg pass-eye-reg_left_label_no_desc  eye\"><\/span><\/div><div class=\"fieldset\"><label>Confirmar Contrase\u00f1a&nbsp;<span class=\"piereg_field_required_label\">*<\/span><\/label><input id=\"confirm_password_password_2\" type=\"password\" data-errormessage-value-missing=\"\" data-errormessage-range-underflow=\"\" data-errormessage-range-overflow=\"\" class=\"input_fields  piereg_validate[minSize[8],required,equals[password_2]]  prPass2\" placeholder=\"\" autocomplete=\"off\" \/><span class=\"show-hide-password-innerbtn confirm-pass-eye-reg_left_label_no_desc eye\"><\/span><input class=\"prMinimumPasswordStrengthlength\" type=\"hidden\" id=\"password_strength_meter_1\" data-id=\"1\" value=\"1\" \/><span class=\"prMinimumPasswordStrengthMessage\" id=\"password_strength_message_1\" style=\"display:none;\">Contrase\u00f1a D\u00e9bil<\/span><\/li><li class=\"fields pageFields_1  piereg_li_2\" ><div id=\"password_meter\" class=\"fieldset\"><label style=\"visibility: hidden;\">No se ha introducido contrase\u00f1a<\/label><div id=\"piereg_passwordStrength\" class=\"piereg_pass prPasswordStrengthMeter\" >Indicador de Fuerza<\/div><\/div><\/li><li class=\"fields parent_acepto_privacidad  pageFields_1 piereg_li_9\"   ><div class=\"fieldset\"><div class=\"radio_wrap\"><div class=\"radio_container\"><input    value=\"1\" data-field_id=\"piereg_field_9\" type=\"checkbox\" name=\"checkbox_9[]\" class=\"input_fields acepto_privacidad piereg_validate[required] radio_fields \"   data-map-field-by-class=\"checkbox_9\" ><label>He le\u00eddo y acepto la pol\u00edtica de privacidad<\/label><\/div><\/div><\/div><\/li><li class=\"fields   piereg_li_10  \"   ><div class=\"fieldset\"><label class=\"\" for=\"honeypot_10\">Honeypot&nbsp;<span class=\"piereg_field_required_label\">*<\/span><\/label><input id=\"input_field_10\" name=\"input_field_10\" class=\"input_fields piereg_input_field_required  piereg_validate[required]\"  type=\"text\" required=\"required\" ><\/div><\/li><li class=\"fields   pageFields_1 piereg_li_\"   ><div class=\"fieldset\"><div class=\"pie_wrap_buttons\"><input name=\"pie_submit\" class=\"pie_submit\" type=\"submit\" value=\"Inscribirse\" \/><\/div><\/div><\/li><\/ul><\/form><\/div><\/div><\/div>\n<\/div><\/div>\n<\/div><\/div>\n","protected":false},"excerpt":{"rendered":"<p>Transparencia y cumplimiento normativo \u2013 ACTUALFARMA 2026 De acuerdo con el C\u00f3digo de Buenas Pr\u00e1cticas de Farmaindustria, se informa que la participaci\u00f3n del profesional sanitario en el eCongreso ACTUALFARMA 2026 se realiza de forma individual y voluntaria, sin que medie compensaci\u00f3n econ\u00f3mica directa ni indirecta. El acceso a este evento cient\u00edfico se facilita exclusivamente con [&hellip;]<\/p>\n","protected":false},"author":1,"featured_media":0,"parent":0,"menu_order":0,"comment_status":"closed","ping_status":"closed","template":"","meta":{"inline_featured_image":false,"footnotes":""},"class_list":["post-196","page","type-page","status-publish","hentry"],"yoast_head":"<!-- This site is optimized with the Yoast SEO plugin v27.2 - https:\/\/yoast.com\/product\/yoast-seo-wordpress\/ -->\n<title>Inscr\u00edbete - Actualfarma 2026<\/title>\n<meta name=\"description\" content=\"Por favor, rellena el siguiente formulario para registrarte en las Jornadas Farmacol\u00f3gicas Actualfarma - Infundimos conocimiento.\" \/>\n<meta name=\"robots\" content=\"index, follow, max-snippet:-1, max-image-preview:large, max-video-preview:-1\" \/>\n<link rel=\"canonical\" href=\"https:\/\/actualfarma.es\/congreso-2026\/inscribete\/\" \/>\n<meta property=\"og:locale\" content=\"es_ES\" \/>\n<meta property=\"og:type\" content=\"article\" \/>\n<meta property=\"og:title\" content=\"Inscr\u00edbete - Actualfarma 2026\" \/>\n<meta property=\"og:description\" content=\"Por favor, rellena el siguiente formulario para registrarte en las Jornadas Farmacol\u00f3gicas Actualfarma - Infundimos conocimiento.\" \/>\n<meta property=\"og:url\" content=\"https:\/\/actualfarma.es\/congreso-2026\/inscribete\/\" \/>\n<meta property=\"og:site_name\" content=\"Actualfarma 2026\" \/>\n<meta property=\"article:publisher\" content=\"https:\/\/www.facebook.com\/people\/Actualfarma\/100066508608748\/\" \/>\n<meta property=\"article:modified_time\" content=\"2026-03-24T07:51:03+00:00\" \/>\n<meta name=\"twitter:card\" content=\"summary_large_image\" \/>\n<meta name=\"twitter:label1\" content=\"Tiempo de lectura\" \/>\n\t<meta name=\"twitter:data1\" content=\"1 minuto\" \/>\n<script type=\"application\/ld+json\" class=\"yoast-schema-graph\">{\"@context\":\"https:\/\/schema.org\",\"@graph\":[{\"@type\":\"WebPage\",\"@id\":\"https:\/\/actualfarma.es\/congreso-2026\/inscribete\/\",\"url\":\"https:\/\/actualfarma.es\/congreso-2026\/inscribete\/\",\"name\":\"Inscr\u00edbete - Actualfarma 2026\",\"isPartOf\":{\"@id\":\"https:\/\/actualfarma.es\/congreso-2026\/#website\"},\"primaryImageOfPage\":{\"@id\":\"https:\/\/actualfarma.es\/congreso-2026\/inscribete\/#primaryimage\"},\"image\":{\"@id\":\"https:\/\/actualfarma.es\/congreso-2026\/inscribete\/#primaryimage\"},\"thumbnailUrl\":\"https:\/\/actualfarma.es\/congreso-2026\/wp-content\/uploads\/2022\/04\/actualfarma-leyenda-horizontal.svg\",\"datePublished\":\"2022-04-11T19:22:58+00:00\",\"dateModified\":\"2026-03-24T07:51:03+00:00\",\"description\":\"Por favor, rellena el siguiente formulario para registrarte en las Jornadas Farmacol\u00f3gicas Actualfarma - Infundimos conocimiento.\",\"breadcrumb\":{\"@id\":\"https:\/\/actualfarma.es\/congreso-2026\/inscribete\/#breadcrumb\"},\"inLanguage\":\"es\",\"potentialAction\":[{\"@type\":\"ReadAction\",\"target\":[\"https:\/\/actualfarma.es\/congreso-2026\/inscribete\/\"]}]},{\"@type\":\"ImageObject\",\"inLanguage\":\"es\",\"@id\":\"https:\/\/actualfarma.es\/congreso-2026\/inscribete\/#primaryimage\",\"url\":\"https:\/\/actualfarma.es\/congreso-2026\/wp-content\/uploads\/2022\/04\/actualfarma-leyenda-horizontal.svg\",\"contentUrl\":\"https:\/\/actualfarma.es\/congreso-2026\/wp-content\/uploads\/2022\/04\/actualfarma-leyenda-horizontal.svg\",\"width\":915,\"height\":240,\"caption\":\"Actualfarma leyenda horizontal\"},{\"@type\":\"BreadcrumbList\",\"@id\":\"https:\/\/actualfarma.es\/congreso-2026\/inscribete\/#breadcrumb\",\"itemListElement\":[{\"@type\":\"ListItem\",\"position\":1,\"name\":\"Portada\",\"item\":\"https:\/\/actualfarma.es\/congreso-2026\/\"},{\"@type\":\"ListItem\",\"position\":2,\"name\":\"Inscr\u00edbete\"}]},{\"@type\":\"WebSite\",\"@id\":\"https:\/\/actualfarma.es\/congreso-2026\/#website\",\"url\":\"https:\/\/actualfarma.es\/congreso-2026\/\",\"name\":\"Actualfarma 2025\",\"description\":\"Jornadas farmacol\u00f3gicas\",\"publisher\":{\"@id\":\"https:\/\/actualfarma.es\/congreso-2026\/#organization\"},\"potentialAction\":[{\"@type\":\"SearchAction\",\"target\":{\"@type\":\"EntryPoint\",\"urlTemplate\":\"https:\/\/actualfarma.es\/congreso-2026\/?s={search_term_string}\"},\"query-input\":{\"@type\":\"PropertyValueSpecification\",\"valueRequired\":true,\"valueName\":\"search_term_string\"}}],\"inLanguage\":\"es\"},{\"@type\":\"Organization\",\"@id\":\"https:\/\/actualfarma.es\/congreso-2026\/#organization\",\"name\":\"Actualfarma 2025\",\"url\":\"https:\/\/actualfarma.es\/congreso-2026\/\",\"logo\":{\"@type\":\"ImageObject\",\"inLanguage\":\"es\",\"@id\":\"https:\/\/actualfarma.es\/congreso-2026\/#\/schema\/logo\/image\/\",\"url\":\"https:\/\/actualfarma.es\/congreso-2026\/wp-content\/uploads\/2022\/04\/logo.svg\",\"contentUrl\":\"https:\/\/actualfarma.es\/congreso-2026\/wp-content\/uploads\/2022\/04\/logo.svg\",\"caption\":\"Actualfarma 2025\"},\"image\":{\"@id\":\"https:\/\/actualfarma.es\/congreso-2026\/#\/schema\/logo\/image\/\"},\"sameAs\":[\"https:\/\/www.facebook.com\/people\/Actualfarma\/100066508608748\/\"]}]}<\/script>\n<!-- \/ Yoast SEO plugin. -->","yoast_head_json":{"title":"Inscr\u00edbete - Actualfarma 2026","description":"Por favor, rellena el siguiente formulario para registrarte en las Jornadas Farmacol\u00f3gicas Actualfarma - Infundimos conocimiento.","robots":{"index":"index","follow":"follow","max-snippet":"max-snippet:-1","max-image-preview":"max-image-preview:large","max-video-preview":"max-video-preview:-1"},"canonical":"https:\/\/actualfarma.es\/congreso-2026\/inscribete\/","og_locale":"es_ES","og_type":"article","og_title":"Inscr\u00edbete - Actualfarma 2026","og_description":"Por favor, rellena el siguiente formulario para registrarte en las Jornadas Farmacol\u00f3gicas Actualfarma - Infundimos conocimiento.","og_url":"https:\/\/actualfarma.es\/congreso-2026\/inscribete\/","og_site_name":"Actualfarma 2026","article_publisher":"https:\/\/www.facebook.com\/people\/Actualfarma\/100066508608748\/","article_modified_time":"2026-03-24T07:51:03+00:00","twitter_card":"summary_large_image","twitter_misc":{"Tiempo de lectura":"1 minuto"},"schema":{"@context":"https:\/\/schema.org","@graph":[{"@type":"WebPage","@id":"https:\/\/actualfarma.es\/congreso-2026\/inscribete\/","url":"https:\/\/actualfarma.es\/congreso-2026\/inscribete\/","name":"Inscr\u00edbete - Actualfarma 2026","isPartOf":{"@id":"https:\/\/actualfarma.es\/congreso-2026\/#website"},"primaryImageOfPage":{"@id":"https:\/\/actualfarma.es\/congreso-2026\/inscribete\/#primaryimage"},"image":{"@id":"https:\/\/actualfarma.es\/congreso-2026\/inscribete\/#primaryimage"},"thumbnailUrl":"https:\/\/actualfarma.es\/congreso-2026\/wp-content\/uploads\/2022\/04\/actualfarma-leyenda-horizontal.svg","datePublished":"2022-04-11T19:22:58+00:00","dateModified":"2026-03-24T07:51:03+00:00","description":"Por favor, rellena el siguiente formulario para registrarte en las Jornadas Farmacol\u00f3gicas Actualfarma - Infundimos conocimiento.","breadcrumb":{"@id":"https:\/\/actualfarma.es\/congreso-2026\/inscribete\/#breadcrumb"},"inLanguage":"es","potentialAction":[{"@type":"ReadAction","target":["https:\/\/actualfarma.es\/congreso-2026\/inscribete\/"]}]},{"@type":"ImageObject","inLanguage":"es","@id":"https:\/\/actualfarma.es\/congreso-2026\/inscribete\/#primaryimage","url":"https:\/\/actualfarma.es\/congreso-2026\/wp-content\/uploads\/2022\/04\/actualfarma-leyenda-horizontal.svg","contentUrl":"https:\/\/actualfarma.es\/congreso-2026\/wp-content\/uploads\/2022\/04\/actualfarma-leyenda-horizontal.svg","width":915,"height":240,"caption":"Actualfarma leyenda horizontal"},{"@type":"BreadcrumbList","@id":"https:\/\/actualfarma.es\/congreso-2026\/inscribete\/#breadcrumb","itemListElement":[{"@type":"ListItem","position":1,"name":"Portada","item":"https:\/\/actualfarma.es\/congreso-2026\/"},{"@type":"ListItem","position":2,"name":"Inscr\u00edbete"}]},{"@type":"WebSite","@id":"https:\/\/actualfarma.es\/congreso-2026\/#website","url":"https:\/\/actualfarma.es\/congreso-2026\/","name":"Actualfarma 2025","description":"Jornadas farmacol\u00f3gicas","publisher":{"@id":"https:\/\/actualfarma.es\/congreso-2026\/#organization"},"potentialAction":[{"@type":"SearchAction","target":{"@type":"EntryPoint","urlTemplate":"https:\/\/actualfarma.es\/congreso-2026\/?s={search_term_string}"},"query-input":{"@type":"PropertyValueSpecification","valueRequired":true,"valueName":"search_term_string"}}],"inLanguage":"es"},{"@type":"Organization","@id":"https:\/\/actualfarma.es\/congreso-2026\/#organization","name":"Actualfarma 2025","url":"https:\/\/actualfarma.es\/congreso-2026\/","logo":{"@type":"ImageObject","inLanguage":"es","@id":"https:\/\/actualfarma.es\/congreso-2026\/#\/schema\/logo\/image\/","url":"https:\/\/actualfarma.es\/congreso-2026\/wp-content\/uploads\/2022\/04\/logo.svg","contentUrl":"https:\/\/actualfarma.es\/congreso-2026\/wp-content\/uploads\/2022\/04\/logo.svg","caption":"Actualfarma 2025"},"image":{"@id":"https:\/\/actualfarma.es\/congreso-2026\/#\/schema\/logo\/image\/"},"sameAs":["https:\/\/www.facebook.com\/people\/Actualfarma\/100066508608748\/"]}]}},"_links":{"self":[{"href":"https:\/\/actualfarma.es\/congreso-2026\/wp-json\/wp\/v2\/pages\/196","targetHints":{"allow":["GET"]}}],"collection":[{"href":"https:\/\/actualfarma.es\/congreso-2026\/wp-json\/wp\/v2\/pages"}],"about":[{"href":"https:\/\/actualfarma.es\/congreso-2026\/wp-json\/wp\/v2\/types\/page"}],"author":[{"embeddable":true,"href":"https:\/\/actualfarma.es\/congreso-2026\/wp-json\/wp\/v2\/users\/1"}],"replies":[{"embeddable":true,"href":"https:\/\/actualfarma.es\/congreso-2026\/wp-json\/wp\/v2\/comments?post=196"}],"version-history":[{"count":7,"href":"https:\/\/actualfarma.es\/congreso-2026\/wp-json\/wp\/v2\/pages\/196\/revisions"}],"predecessor-version":[{"id":8454,"href":"https:\/\/actualfarma.es\/congreso-2026\/wp-json\/wp\/v2\/pages\/196\/revisions\/8454"}],"wp:attachment":[{"href":"https:\/\/actualfarma.es\/congreso-2026\/wp-json\/wp\/v2\/media?parent=196"}],"curies":[{"name":"wp","href":"https:\/\/api.w.org\/{rel}","templated":true}]}}